
49
Calculate the remainder when 605322 is divided by 21.
18
What is the remainder when 15988 is divided by 18?
4
Calculate the remainder when 139115 is divided by 875.
865
What is the remainder when 41375 is divided by 48?
47
Calculate the remainder when 123771 is divided by 51.
45
Calculate the remainder when 666 is divided by 210.
36
Calculate the remainder when 14012 is divided by 2773.
147
What is the remainder when 760 is divided by 741?
19
Calculate the remainder when 16608 is divided by 415.
8
Calculate the remainder when 335 is divided by 93.
56
Calculate the remainder when 1514 is divided by 321.
230
What is the remainder when 16678 is divided by 1941?
1150
What is the remainder when 10346 is divided by 2574?
50
What is the remainder when 6013 is divided by 97?
96
What is the remainder when 3160 is divided by 1052?
4
Calculate the remainder when 23425 is divided by 41.
14
What is the remainder when 68383 is divided by 261?
1
What is the remainder when 33903 is divided by 16760?
383
What is the remainder when 2553 is divided by 2542?
11
Calculate the remainder when 278428 is divided by 69605.
8
What is the remainder when 837 is divided by 552?
285
Calculate the remainder when 6467 is divided by 231.
230
What is the remainder when 7245 is divided by 2415?
0
What is the remainder when 48360 is divided by 158?
12
Calculate the remainder when 2086 is divided by 21.
7
Calculate the remainder when 65663 is divided by 228.
227
What is the remainder when 7902 is divided by 2615?
57
Calculate the remainder when 4754 is divided by 27.
2
Calculate the remainder when 2225 is divided by 48.
17
Calculate the remainder when 905 is divided by 62.
37
Calculate the remainder when 2287 is divided by 601.
484
Calculate the remainder when 15535 is divided by 1551.
25
What is the remainder when 4861 is divided by 607?
5
What is the remainder when 11155 is divided by 5569?
17
Calculate the remainder when 209707 is divided by 65.
17
What is the remainder when 15145 is divided by 33?
31
What is the remainder when 358445 is divided by 50?
45
What is the remainder when 4372176 is divided by 993?
990
Calculate the remainder when 13415 is divided by 3168.
743
Calculate the remainder when 22060 is divided by 11.
5
Calculate the remainder when 140259 is divided by 2377.
16
What is the remainder when 25868 is divided by 8612?
32
Calculate the remainder when 56491 is divided by 50.
41
What is the remainder when 19791 is divided by 3291?
45
What is the remainder when 2388 is divided by 27?
12
What is the remainder when 58383 is divided by 37?
34
Calculate the remainder when 33810 is divided by 117.
114
What is the remainder when 19019 is divided by 514?
1
Calculate the remainder when 7686 is divided by 1707.
858
Calculate the remainder when 3266 is divided by 3226.
40
Calculate the remainder when 1948207 is divided by 2224.
2207
What is the remainder when 12089 is divided by 4028?
5
Calculate the remainder when 9844 is divided by 49.
44
Calculate the remainder when 125221 is divided by 16.
5
Calculate the remainder when 56824 is divided by 31.
1
Calculate the remainder when 12780 is divided by 5955.
870
Calculate the remainder when 93370 is divided by 1315.
5
Calculate the remainder when 320 is divided by 307.
13
Calculate the remainder when 439986 is divided by 36.
30
Calculate the remainder when 2088 is divided by 95.
93
Calculate the remainder when 187127 is divided by 452.
451
Calculate the remainder when 108015 is divided by 3596.
135
What is the remainder when 22344 is divided by 78?
36
Calculate the remainder when 62247 is divided by 15.
12
What is the remainder when 411387 is divided by 45?
42
What is the remainder when 313028 is divided by 46?
44
What is the remainder when 45467 is divided by 2273?
7
What is the remainder when 123875 is divided by 43?
35
What is the remainder when 54871 is divided by 18266?
73
Calculate the remainder when 2616 is divided by 101.
91
What is the remainder when 46040 is divided by 156?
20
What is the remainder when 33251 is divided by 161?
85
What is the remainder when 2862 is divided by 946?
24
What is the remainder when 122039 is divided by 72?
71
What is the remainder when 809983 is divided by 113?
112
Calculate the remainder when 97151 is divided by 127.
123
Calculate the remainder when 2617 is divided by 125.
117
Calculate the remainder when 137389 is divided by 496.
493
Calculate the remainder when 198758 is divided by 432.
38
What is the remainder when 19895 is divided by 30?
5
What is the remainder when 4507 is divided by 30?
7
What is the remainder when 1864 is divided by 1683?
181
Calculate the remainder when 5710 is divided by 137.
93
Calculate the remainder when 20610 is divided by 4695.
1830
Calculate the remainder when 25611 is divided by 8523.
42
What is the remainder when 129861 is divided by 448?
389
Calculate the remainder when 434 is divided by 58.
28
What is the remainder when 4552 is divided by 14?
2
Calculate the remainder when 110442 is divided by 43.
18
What is the remainder when 12643 is divided by 1579?
11
Calculate the remainder when 11876 is divided by 220.
216
What is the remainder when 16067 is divided by 385?
282
What is the remainder when 73234 is divided by 275?
84
Calculate the remainder when 2182046 is divided by 29.
28
What is the remainder when 48297 is divided by 70?
67
What is the remainder when 16268 is divided by 15687?
581
What is the remainder when 101347 is divided by 10?
7
Calculate the remainder when 45295 is divided by 58.
55
Calculate the remainder when 29189 is divided by 82.
79
What is the remainder when 683 is divided by 123?
68
What is the remainder when 15502 is divided by 15496?
6
Calculate the remainder when 54040 is divided by 10808.
0
What is the remainder when 147948 is divided by 49309?
21
What is the remainder when 7576 is divided by 127?
83
What is the remainder when 178469 is divided by 25495?
4
What is the remainder when 11517 is divided by 684?
573
What is the remainder when 3871 is divided by 333?
208
What is the remainder when 10596 is divided by 294?
12
What is the remainder when 386197 is divided by 337?
332
Calculate the remainder when 18478 is divided by 820.
438
Calculate the remainder when 68981 is divided by 34.
29
Calculate the remainder when 7440 is divided by 1765.
380
Calculate the remainder when 368865 is divided by 1962.
9
Calculate the remainder when 209038 is divided by 30.
28
What is the remainder when 37797 is divided by 21?
18
What is the remainder when 912 is divided by 9?
3
Calculate the remainder when 261 is divided by 140.
121
Calculate the remainder when 83078 is divided by 4.
2
What is the remainder when 12573 is divided by 1513?
469
Calculate the remainder when 21262 is divided by 338.
306
What is the remainder when 920 is divided by 679?
241
What is the remainder when 66957 is divided by 144?
141
What is the remainder when 69945 is divided by 1128?
9
What is the remainder when 6339 is divided by 15?
9
Calculate the remainder when 1563 is divided by 1037.
526
What is the remainder when 457 is divided by 166?
125
What is the remainder when 284016 is divided by 6762?
12
Calculate the remainder when 5854 is divided by 1950.
4
What is the remainder when 13599 is divided by 3301?
395
Calculate the remainder when 107817 is divided by 511.
507
Calculate the remainder when 15141 is divided by 347.
220
What is the remainder when 4875 is divided by 1830?
1215
What is the remainder when 259399 is divided by 123?
115
Calculate the remainder when 145591 is divided by 65.
56
What is the remainder when 107559 is divided by 2286?
117
What is the remainder when 63848 is divided by 37?
23
Calculate the remainder when 162967 is divided by 118.
9
What is the remainder when 11146 is divided by 2386?
1602
What is the remainder when 25074 is divided by 1673?
1652
What is the remainder when 2783549 is divided by 8?
5
Calculate the remainder when 11 is divided by 5.
1
Calculate the remainder when 97324 is divided by 69.
34
Calculate the remainder when 233692 is divided by 353.
6
What is the remainder when 120342 is divided by 120340?
2
What is the remainder when 1040 is divided by 597?
443
Calculate the remainder when 15379 is divided by 2193.
28
Calculate th